, 2237
List the prime factors of 2945.
5, 19, 31
What are the prime factors of 1982?
2, 991
List the prime factors of 68711.
68711
List the prime factors of 163.
163
List the prime factors of 6549.
3, 37, 59
List the prime factors of 3439.
19, 181
What are the prime factors of 76330?
2, 5, 17, 449
List the prime factors of 9114.
2, 3, 7, 31
List the prime factors of 2173.
41, 53
List the prime factors of 17253.
3, 71
List the prime factors of 3882.
2, 3, 647
List the prime factors of 9076.
2, 2269
What are the prime factors of 27033?
3, 9011
What are the prime factors of 2407?
29, 83
List the prime factors of 1360.
2, 5, 17
What are the prime factors of 18475?
5, 739
List the prime factors of 1209.
3, 13, 31
List the prime factors of 18925.
5, 757
List the prime factors of 1564.
2, 17, 23
List the prime factors of 421.
421
List the prime factors of 19648.
2, 307
What are the prime factors of 1240?
2, 5, 31
List the prime factors of 10947.
3, 41, 89
What are the prime factors of 623?
7, 89
What are the prime factors of 4785?
3, 5, 11, 29
What are the prime factors of 1770?
2, 3, 5, 59
List the prime factors of 3849.
3, 1283
List the prime factors of 2999.
2999
What are the prime factors of 1862?
2, 7, 19
What are the prime factors of 9638?
2, 61, 79
What are the prime factors of 356?
2, 89
List the prime factors of 9468.
2, 3, 263
List the prime factors of 10328.
2, 1291
List the prime factors of 114600.
2, 3, 5, 191
List the prime factors of 29477.
7, 4211
List the prime factors of 552.
2, 3, 23
What are the prime factors of 615?
3, 5, 41
What are the prime factors of 1645?
5, 7, 47
List the prime factors of 27976.
2, 13, 269
List the prime factors of 171.
3, 19
What are the prime factors of 839?
839
List the prime factors of 1453.
1453
What are the prime factors of 183?
3, 61
List the prime factors of 12567.
3, 59, 71
What are the prime factors of 40249?
11, 3659
List the prime factors of 527.
17, 31
List the prime factors of 317.
317
List the prime factors of 15246.
2, 3, 7, 11
List the prime factors of 10854.
2, 3, 67
List the prime factors of 961.
31
What are the prime factors of 74658?
2, 3, 23, 541
What are the prime factors of 3980?
2, 5, 199
What are the prime factors of 2411?
2411
List the prime factors of 685.
5, 137
What are the prime factors of 1352?
2, 13
What are the prime factors of 747?
3, 83
List the prime factors of 478.
2, 239
What are the prime factors of 5231?
5231
What are the prime factors of 81552?
2, 3, 1699
List the prime factors of 405.
3, 5
List the prime factors of 2150.
2, 5, 43
List the prime factors of 11177.
11177
What are the prime factors of 5385?
3, 5, 359
List the prime factors of 199.
199
List the prime factors of 1027.
13, 79
What are the prime factors of 7040?
2, 5, 11
List the prime factors of 50619.
3, 47, 359
What are the prime factors of 27543?
3, 9181
What are the prime factors of 120?
2, 3, 5
What are the prime factors of 6967?
6967
What are the prime factors of 5862?
2, 3, 977
What are the prime factors of 32115?
3, 5, 2141
List the prime factors of 911.
911
List the prime factors of 58035.
3, 5, 53, 73
List the prime factors of 6454.
2, 7, 461
What are the prime factors of 2221?
2221
List the prime factors of 1383.
3, 461
List the prime factors of 16081.
13, 1237
List the prime factors of 104657.
7, 14951
What are the prime factors of 352?
2, 11
List the prime factors of 475.
5, 19
What are the prime factors of 759?
3, 11, 23
What are the prime factors of 10940?
2, 5, 547
What are the prime factors of 13929?
3, 4643
What are the prime factors of 38165?
5, 17, 449
List the prime factors of 1877.
1877
List the prime factors of 1009.
1009
What are the prime factors of 3738?
2, 3, 7, 89
List the prime factors of 56647.
37, 1531
What are the prime factors of 8?
2
What are the prime factors of 477?
3, 53
List the prime factors of 543.
3, 181
List the prime factors of 105.
3, 5, 7
List the prime factors of 17635.
5, 3527
List the prime factors of 2811.
3, 937
What are the prime factors of 74554?
2, 37277
What are the prime factors of 15079?
17, 887
List the prime factors of 748.
2, 11, 17
List the prime factors of 1969.
11, 179
List the prime factors of 171805.
5, 34361
What are the prime factors of 3851?
3851
List the prime factors of 12254.
2, 11, 557
What are the prime factors of 29242?
2, 14621
What are the prime factors of 981?
3, 109
What are the prime factors of 959?
7, 137
What are the prime factors of 1505?
5, 7, 43
What are the prime factors of 1543?
1543
What are the prime factors of 2635?
5, 17, 31
What are the prime factors of 106062?
2, 3, 11, 1607
What are the prime factors of 2366?
2, 7, 13
What are the prime factors of 5601?
3, 1867
What are the prime factors of 3753?
3, 139
List the prime factors of 1012.
2, 11, 23
List the prime factors of 169.
13
What are the prime factors of 870?
2, 3, 5, 29
List the prime factors of 17627.
17627
What are the prime factors of 58?
2, 29
List the prime factors of 775.
5, 31
What are the prime factors of 68095?
5, 13619
List the prime factors of 124758.
2, 3, 29, 239
List the prime factors of 120593.
11, 19, 577
What are the prime factors of 2160?
2, 3, 5
What are the prime factors of 2606?
2, 1303
What are the prime factors of 48392?
2, 23, 263
List the prime factors of 838.
2, 419
List the prime factors of 6909.
3, 7, 47
List the prime factors of 876.
2, 3, 73
What are the prime factors of 31522?
2, 15761
List the prime factors of 1049.
1049
What are the prime factors of 2541?
3, 7, 11
What are the prime factors of 34032?
2, 3, 709
What are the prime factors of 2141?
2141
List the prime factors of 11383.
11383
List the prime factors of 3447.
3, 383
What are the prime factors of 40918?
2, 41, 499
List the prime factors of 6280.
2, 5, 157
What are the prime factors of 1046?
2, 523
List the prime factors of 11732.
2, 7, 419
What are the prime factors of 5204?
2, 1301
List the prime factors of 1299.
3, 433
List the prime factors of 1524.
2, 3, 127
What are the prime factors of 34924?
2, 8731
List the prime factors of 11789.
11789
What are the prime factors of 2345?
5, 7, 67
What are the prime factors of 1267?
7, 181
What are the prime factors of 62952?
2, 3, 43, 61
What are the prime factors of 79561?
79561
What are the prime factors of 437?
19, 23
List the prime factors of 1980.
2, 3, 5, 11
List the prime factors of 33.
3, 11
What are the prime factors of 23201?
23201
What are the prime factors of 36657?
3, 4073
List the prime factors of 5440.
2, 5, 17
What are the prime factors of 58746?
2, 3, 9791
What are the prime factors of 42189?
3, 7, 41
List the prime factors of 27186.
2, 3, 23, 197
What are the prime factors of 1132?
2, 283
What are the prime factors of 20885?
5, 4177
What are the prime factors of 25592?
2, 7, 457
List the prime factors of 56202.
2, 3, 17, 19, 29
List the prime factors of 4806.
2, 3, 89
What are the prime factors of 23877?
3, 7, 379
What are the prime factors of 2529?
3, 281
List the prime factors of 7873.
7873
What are the prime factors of 248?
2, 31
What are the prime factors of 5831?
7, 17
List the prime factors of 10662.
2, 3, 1777
What are the prime factors of 48444?
2, 3, 11, 367
What are the prime factors of 3096?
2, 3, 43
List the prime factors of 138.
2, 3, 23
What are the prime factors of 953?
953
What are the prime factors of 14718?
2, 3, 11, 223
List the prime factors of 199119.
3, 66373
What are the prime factors of 7637?
7, 1091
List the prime factors of 19208.
2, 7
List the prime factors of 36.
2, 3
What are the prime factors of 29541?
3, 43, 229
List the prime factors of 97020.
2, 3, 5, 7, 11
List the prime factors of 3815.
5, 7, 109
List the prime factors of 547.
547
List the prime factors of 423.
3, 47
What are the prime factors of 11044?
2, 11, 251
What are the prime factors of 12907?
12907
List the prime factors of 801.
3, 89
What are the prime factors of 2675?
5, 107
What are the prime factors of 1326?
2, 3, 13, 17
What are the prime factors of 965?
5, 193
What are the prime factors of 10352?
2, 647
What are the prime factors of 128807?
7, 18401
List the prime factors of 798.
2, 3, 7, 19
List the prime factors of 70698.
2, 3, 11783
List the prime factors of 3198.
2, 3, 13, 41
List the prime factors of 